-5
Evaluate (-4 - -1) + (-14 + 48 - 23).
8
What is the value of -2 + 2 + (-3 - 0)?
-3
Evaluate (231 - 233) + (4 - (0 + 0)).
2
Calculate (-29 - -36) + (0 - (1 - -1)).
5
4 - (3 - -2) - (-1 - -1)
-1
What is -3 - (-3 - -6 - 2)?
-4
-3 - (-1 - 6) - (6 - 2)
0
-4 + (-2 - -2 - 4)
-8
(5 - (9 - 3)) + -1 + -3
-5
What is (-3 - -4) + -5 - 2?
-6
What is the value of 3 + 1 + -6 + 0?
-2
Evaluate 5 - (1 + (-1 - 0 - -4)).
1
Evaluate 6 - (-2 + -2 + 5 + 1).
4
What is 3 - -5 - (-7 - (3 + -15))?
3
1 - ((7 - -3) + -5)
-4
What is the value of 14 + (1 - -1) + -10?
6
What is -2 + (3 - (6 - 1))?
-4
Evaluate 6 - 4 - 4 - (-6 - -5).
-1
Evaluate 3 + 0 + (3 - 3).
3
What is -1 + -12 + -1 + 27 + -20?
-7
-2 + -1 - (-14 - -9) - 2
0
1 + -10 - (-6 - (3 + -2))
-2
What is the value of (-1 - -7) + (-4 - (1 + -3))?
4
53 + -31 + -27 - (-5 + 1)
-1
What is -3 + (-1 - (3 - (9 - 1)))?
1
Evaluate -15 + 6 - (1 + -5).
-5
What is 5 + -8 - (-1 + (-4 - 0))?
2
Evaluate -1 + (-5 - -6) - -5.
5
Evaluate -9 + 0 + -17 + 23.
-3
What is 0 - -8 - 2 - (-5 - -3)?
8
Calculate (-2 + 6 - 1) + 0.
3
Evaluate (13 - 14) + 9 + -1.
7
What is -50 - -47 - (1 + 1)?
-5
9 - (-2 + (5 - 8) + 7)
7
What is 0 - (-3 + 8 - 9)?
4
What is the value of 1 - ((5 - 0) + -2)?
-2
What is the value of -1 + 0 + (-12 - -7) + 3?
-3
2 - ((5 - 2) + 0) - -6
5
What is the value of -6 - -2 - (0 + 6 + -5)?
-5
Evaluate -6 - (-6 + -1) - 8 - -1.
-6
What is -20 + 13 - (-2 - (9 - 0))?
4
-2 + 2 + 4 + -5
-1
What is 7 + 1 - (-4 - -9)?
3
Evaluate 6 + (3 - (-2 - -8)) - -1.
4
What is the value of (-1 - -1 - (-3 + 2)) + 4?
5
What is the value of 9 + 2 + (-3 - (7 - 8))?
9
What is the value of 7 + -2 + -5 + -6?
-6
3 + -4 - -3 - 5
-3
What is -5 - -19 - 9 - (-1 + 0)?
6
Evaluate 1 - 7 - 3 - -1.
-8
-11 + (8 - 0) + -3
-6
What is -2 - ((1 - -4) + -7 + 7)?
-7
What is the value of 12 + -8 + -8 - 6 - -1?
-9
Evaluate -3 + -1 + 6 + 6 + -8.
0
Evaluate 1 - (-12 - -4) - 4.
5
What is the value of (-4 - -3) + -2 - 1?
-4
What is the value of (3 - (3 - -3)) + 1 + 3?
1
What is -5 - (-9 + -1 + 11)?
-6
Evaluate (-2 - -2) + -1 + 3.
2
What is the value of -5 - (2 - (4 - 5))?
-8
What is the value of -3 + 4 + (1 - 3)?
-1
What is the value of 76 - 57 - (1 + 6 + 1)?
11
(-4 - -7 - 4 - -5) + -12
-8
Evaluate 2 + 2 - (4 - -1).
-1
What is the value of (-292 - -283) + (0 - -14)?
5
What is the value of 0 + (0 - 4) + -20 + 22?
-2
Evaluate -8 + 3 - -8 - 10.
-7
Evaluate 5 + (-4 - (-7 - -2)).
6
Evaluate 4 + -6 - (-3 + -7 - -3).
5
Calculate 0 - (-2 + (-1 + 5 - 2)).
0
Calculate -4 - (-18 + 3) - (12 + -10).
9
What is the value of 6 - ((-6 - -5 - 1) + 3)?
5
Evaluate 2 - -1 - (-7 + 11) - -6.
5
(4 - -1) + -9 - (-1 - 7)
4
What is the value of 2 + -2 - (0 + -1)?
1
Calculate -3 + 6 + 4 + -2.
5
What is the value of (0 - -2) + 25 + -27?
0
Calculate 1 - -1 - (-2 + -1 + 5).
0
28 + -31 - (2 - 2)
-3
What is -1 - -9 - (12 + (6 - 13))?
3
What is the value of (-5 - 1) + 6 + 0?
0
What is 5 + (-7 - (3 - 6))?
1
Evaluate 9 + 0 - (13 - 8).
4
-6 + (1 + 2 + -3 - -7)
1
What is (10 - 10) + (11 - (0 - -5))?
6
Calculate (2 - 2) + 3 + 1.
4
What is the value of -30 - -34 - (5 - -1) - -1?
-1
What is the value of 6 - (-3 + 8 + 0)?
1
What is the value of -1 + 1 + (12 + -3 - 6)?
3
What is the value of 2 - ((17 - 4 - 6) + -1)?
-4
What is the value of 3 - ((3 + -5 - -5) + 0)?
0
Calculate 4 + (9 - 13) + (-1 - -3).
2
Evaluate -1 - (18 + -6 + -6) - 1.
-8
Calculate -11 - (7 - (13 - 0)).
-5
Evaluate 2 + -11 - (-14 + 0).
5
What is 1 - (0 + -3 + 4)?
0
What is the value of 3 + -3 + 1 - -2?
3
What is (7 - 11) + 1 + -3 + 1?
-5
Calculate 3 + (-3 - (-2 + 0)).
2
Evaluate -1 - ((-1 + -4 - -4) + 3).
-3
What is (-16 + 9 - -9) + -4?
-2
Evaluate 9 - (-11 + 19) - 3.
-2
Calculate (-22 - -12) + 3 + 13.
6
What is the value of 5 + -9 + -1 + 1 + 0?
-4
Calculate (-5 - -10 - (4 + -1)) + -6.
-4
-9 + -15 - -24 - (-2 - 0)
2
Calculate 1 - (1 + (-11 - -14)).
-3
Calculate 4 + (-1 - 4) - -5.
4
Calculate 4 - 2 - 2 - -4.
4
Evaluate (12 - 3) + -14 - (-11 + 1).
5
What is 3 + (2 - (-1 - 0)) - 3?
3
What is the value of -6 + (-10 - -26) + -12?
-2
What is the value of 2 + 4 + -4 + 3?
5
What is -20 - -8 - (3 + -12)?
-3
Calculate 22 - 17 - (0 + -2 + 6).
1
What is -3 - (-6 + 5 - -5)?
-7
Evaluate -4 - (2 - -3) - -5.
-4
Evaluate -4 - (1 - (-2 + (3 - -2))).
-2
15 + (-26 - -14) + (-6 - 0)
-3
What is the value of (-6 - (-1 + 2)) + 453 + -445?
1
Evaluate 4 - 9 - -11 - 11.
-5
Evaluate -16 - 1 - (-4 - 5).
-8
Evaluate -3 - (5 + 1 + -4).
-5
What is the value of -10 + (-5 - -2) - -9?
-4
What is (-1 - (1 + 2)) + 8?
4
(-1 - 6) + (12 - (4 - -5))
-4
What is (-10 - (3 + -8)) + 0?
-5
Calculate -3 + 5 + -4 + -1 + 7.
4
Calculate -4 + 1 + (-6 - (4 + -8)).
-5
Calculate (1 - 3 - 1) + -2 + 10.
5
Evaluate -18 + 21 - (-2 - (-2 - 10)).
-7
Calculate 3 + -3 + -4 - -4 - -3.
3
Evaluate 0 + (2 - 5) + 3.
0
Evaluate (2 - (0 + 0)) + -2 - -1.
1
(-8 - -2) + 3 + 0
-3
Calculate -1 + -1 + -7 + (5 - 1).
-5
What is (6 - (5 - -2)) + (0 - 5)?
-6
Evaluate (3 - 2) + (-2 - 6) + 2.
-5
What is the value of (2 - -5) + (-1 - 1) + -2?
3
What is (-7 - 0) + -4 + (-2 - -8)?
-5
Evaluate (-3 - (-13 - (0 + -3))) + -2.
5
Calculate 10 + -14 + (-1 - -5).
0
Evaluate -6 - -6 - (-1 - (1 - 3)).
-1
(2 - -2) + -3 - (-1 - -1)
1
-22 + 19 - (-1 + -5)
3
What is -4 + 2 + 8 - 6?
0
What is 1 + (12 - 9) + (3 - 12)?
-5
-1 - (-7 + -6 + 7) - 7
-2
Evaluate -7 + -12 + 6 + 7.
-6
What is (4 - 2) + 1 + (-5 - -3)?
1
Calculate 0 - (2 + -7 + 4 + -5).
6
-2 + -2 + -1 + 5
0
Evaluate 11 - 25 - (-3 + -7).
-4
Evaluate 0 + (0 - 1) - (-2 - -2).
-1
What is the value of -1 - (5 - 1 - (4 + 1))?
0
(-2 - 2) + (2 - (5 - 3))
-4
Evaluate -2 + (-5 - -3) + 13 - 4.
5
-4 + (-2 - -4) + 3
1
-5 - -1 - (11 - (7 - -6))
-2
Calculate -10 + (3 - (-14 - -16)).
-9
What is the value of -10 + (-4 - -18) + 5?
9
Calculate (-16 - -1 - -7) + 10.
2
Calculate 7 - (0 - 1) - (0 - -4).
4
Evaluate 4 + (-5 - (0 - 3)) - -2.
4
What is 1 + (-6 - (-11 + 6))?
0
What is (14 - (12 - 6)) + (-5 - 0)?
3
(-25 - -8) + 24 - (1 + -4)
10
What is the value of -2 + (8 - ((-1 - -8) + -3))?
2
What is -23 - -21 - (1 + 1)?
-4
Evaluate -2 + 1 + -1 + 14 + -11.
1
What is 12 + (-3 - 14) + 9?
4
Evaluate -1 + -4 + 1 + 5 + 3.
4
Evaluate -1 + 7 - (10 - (2 + -1)).
-3
What is the value of 5 + 2 + (-4 - 1)?
2
Calculate 2 + (3 + (-4 - 3) - -3).
1
Calculate (0 - 3) + (5 - -2) - 9.
-5
What is (1 - 0) + -17 + -1 + 11?
-6
-14 + -11 + 11 + 8
-6
Evaluate 12 - (7 + (-9 - -17)).
-3
Calculate (0 - 0) + -1 + -4 + 4.
-1
What is the value of -3 + 1 + 9 + -7?
0
Evaluate 8 - (-1 - (-5 + (4 - 0))).
8
What is 14 + (-11 - (8 - 13))?
8
What is -11 + 2 + 0 + 3?
-6
Evaluate -5 + (11 - 4) + -3.
-1
What is 7 + -1 - 8 - -4?
2
What is the value of -9 - -4 - 2 - (-7 + 0)?
0
(-2 + 2 - 3) + 10 + -3
4
Evaluate 6 - (-3 + 15 + -3).
-3
What is the value of 3 + (-5 + 5 - 2)?
1
Evaluate (3 - (1 + 1)) + 3 - 3.
1
Evaluate (4 - 3) + 0 + 3 + -2.
2
What is 70 - 70 - (1 + 3 - 0)?
-4
-4 - (0 + 0) - (-15 - -11)
0
Calculate -5 + -3 + (-2 - (6 - 9)).
-7
What is -2 - (1 - 2 - (0 - -1))?
0
Evaluate 10 + -5 + (-6 - (-1 + -1)).
1
(-4 - (1 + -9)) + -1
3
What is 8 + (-8 - -9) + (2 - 3)?
8
What is 7 + -5 - (1 + (1 - 2))?
2
Evaluate (0 - 1) + 6 + -4 - 3.
-2
Evaluate (20 - 10) + -12 - 8.
-10
Calculate -1 - (4 - 2) - -5.
2
What is 11 + -11 + -3 + 8?
5
Evaluate 1 + 3 - (-3 + 7 + -3).
3
What is -4 - (-4 + (1 - -6)) - -1?
-6
Evaluate 2 - (2 + -5 - (1 + -7)).
-1
What is 7 + 4 - 5 - -1?
7
-2 - (5 + (-1 - 3) + -2)
-1
Calculate 3 + -3 - (5 + -1).
-4
Calculate 3 + -2 + (-1 - -4) + 1.
5
Evaluate 3 + (4 - -2 - 0 - 0).
9
What is the value of (1 - 1) + (-3 - -2 - 2)?
-3
Calculate (-6 - -8) + 7 - 10.
-1
Evaluate (-58 - -69) + -6 + 1 + 0.
6
0 + 0 + 3 + 0
3
What is -9 - (-11 - -6 - 6)?
2
Calculate -3 + 0 - (-19 - -12).
4
What is the value of 0 - (-3 + (-3 - -5))?
1
Calculate -1 + (2 - 4 - (-8 + 0)).
5
8 - (13 + -8) - 0
3
Calculate 1 + (3 - 7) + (1 - -5).
3
Evaluate -2 - -1 - (3 + 1).
-5
16 + -5 - 12 - (-2 - -5)
-4
Evaluate -3 - (-13 + -8 + 14).
4
What is -12 - -2 - (-3 - 2)?
-5
What is the value of -1 + (1 - -1) + (82 - 85)?
-2
What is the value of -5 + (3 - (-3 - 4))?
5
-5 - -6 - -1 - 1
1
What is 0 + 10 + 1 - 9?
2
-2 + -5 + 3 + -1 - -4
-1
Calculate (2 - 0 - (7 + -1)) + 9.
5
Calculate -2 + 1 - (-40 + 39) - 4.
-4
(-2 - -5) + -17 + -2 + 9
-7
What is (4 - -1) + (-4 - (15 - 10))?
-4
7 - (8 + 3) - 2
